divided by d?
4
Suppose -8*p - 13 = 67. Let c(g) = -g**3 - 10*g**2 + 5. Calculate the remainder when 28 is divided by c(p).
3
Suppose 0 = 4*r - 52 - 68. Let k(x) = x**3 - 4*x**2 - 7*x - 2. Let q be k(5). Let n = r + q. Calculate the remainder when 35 is divided by n.
17
Suppose 0 = -0*i - 2*i. Suppose i = 3*s - 2*s - 2. Suppose -16 = -n - s. What is the remainder when 25 is divided by n?
11
Suppose -3*l = -3*g + 138, g = 2*l - 5*l + 54. What is the remainder when g is divided by 11?
4
Let m = -77 + 53. Calculate the remainder when 200 is divided by 87/(-2)*16/m.
26
Calculate the remainder when (34 - 5)/(-1 - -2) is divided by 8.
5
Let p(g) = 5*g + 6. Let a(w) = -45*w - 55. Let v(d) = 6*a(d) + 55*p(d). Calculate the remainder when 59 is divided by v(4).
19
Let o = -741 - -757. Calculate the remainder when 61 is divided by o.
13
Let m(v) = v**2 + 30*v + 30. Let u be m(-22). Let a = 225 + u. Calculate the remainder when a is divided by 28.
23
Let t = -634 - -639. Calculate the remainder when 203 is divided by t.
3
What is the remainder when -3 + -3*752/(-12) is divided by 7?
3
Let d = 634 + -605. Calculate the remainder when 375 is divided by d.
27
Suppose 0 = -3*w + 4*f + 54 + 5, 4*f - 60 = -4*w. What is the remainder when 251 is divided by w?
13
Suppose -2*k - 3*i + 61 = 0, k + 2*k + 3*i = 93. Suppose -6 = a - k. What is the remainder when 76 is divided by a?
24
Let h be (33/22)/(1/2). Suppose -2*t - 1 = -h*s - 70, -5*t + 2*s = -156. Calculate the remainder when t is divided by 16.
14
Calculate the remainder when 217 is divided by (-20)/(-25)*-5 + 14.
7
Suppose -2*y = -3*b + 54 + 25, -3*b = -5*y - 67. What is the remainder when 144 is divided by b?
28
Suppose -8*l + 13*l = -5. What is the remainder when 258 is divided by (55 + 3)/(l*(-4)/2)?
26
Suppose 3*u + 134 - 434 = 0. Suppose -5*t = y - 112, 2*t = -3*t - 5*y + u. What is the remainder when t is divided by 13?
10
Suppose -2078*r = -2088*r + 80. What is the remainder when 84 is divided by r?
4
Let h = 9 + 54. Calculate the remainder when h is divided by 25.
13
Let p(x) = 18*x + 264. Calculate the remainder when 112 is divided by p(-12).
16
Suppose -5*x = -23 + 3, 2*x + 3 = y. What is the remainder when 118 is divided by y?
8
Suppose 3*u - 5*u - 10 = 0. Let d(w) = -w**3 - 3*w**2 + 5*w - 6. Calculate the remainder when 73 is divided by d(u).
16
Let i(p) = -2*p**2 - 23*p - 6. Let u be i(-10). Suppose -71 = -4*g - c, c = 5*g - 67 - u. What is the remainder when g is divided by 4?
2
Suppose -5*o + 1420 = -4*k, 0 = 9*o - 13*o - 4*k + 1136. What is the remainder when o is divided by 18?
14
Suppose -5*p = -p + 48. Let i = 12 + p. Suppose 0 = 3*f - i*f - 30. What is the remainder when 28 is divided by f?
8
Suppose -96 = -11*j + 5*j. Let a(m) = -m**3 - 6*m**2 - 7*m. Suppose i = -2, -5*r - i = -0*i + 27. What is the remainder when j is divided by a(r)?
6
Suppose 22*b - 27*b = 0. Let a(o) = o**3 - 12 - o - 8*o**2 + b*o + 3*o. Calculate the remainder when 16 is divided by a(8).
0
Suppose -4*u + 4*j = -484, -5*u + 9*u = j + 484. What is the remainder when u is divided by 47?
27
Let o(c) = 36*c - 2. Let p be o(3). Suppose -p = -3*z + v, 3*v = -v + 20. Calculate the remainder when z is divided by 11.
4
Suppose -y - 2 = 0, d - 7 - 37 = 5*y. What is the remainder when 39 is divided by d?
5
Let g(r) = -r**3 - 5*r**2 + 3*r + 21. Let y be g(-5). Suppose -y*m + 35 - 11 = 0. What is the remainder when m is divided by 3?
1
Suppose -4*n + 8*t - 13*t = -3545, 2*n = -3*t + 1775. Calculate the remainder when n is divided by 18.
16
Suppose 14 = -6*a + 80. What is the remainder when 21 + 1 + -4 + 3 is divided by a?
10
Let a(k) = -k**3 - 42*k**2 + 41*k - 63. Suppose -2*g + 68 = 5*x, -3*g + 73 = -x - 63. Calculate the remainder when g is divided by a(-43).
21
Suppose -181*y = -187*y + 1866. What is the remainder when y is divided by 35?
31
Let h(l) = -15*l - 27. What is the remainder when 197 is divided by h(-4)?
32
Let z = 177 - 144. What is the remainder when z is divided by 17?
16
Let o = 24 - 13. Let y = -4 - 6. What is the remainder when o is divided by (6/y)/((-9)/45)?
2
Suppose 0*p - 5*p = -90. Let s(c) = 2*c**2 + 13*c + 35. What is the remainder when s(-5) is divided by (18/(-27))/((-1)/p)?
8
Let a = 14 + -12. Suppose 3*j + 3*i - 19 = 17, -2*i = -5*j + 74. Suppose j = a*s - s. Calculate the remainder when 39 is divided by s.
11
Calculate the remainder when 0/1 + 30*1 is divided by 7/(4/24*2) - 3.
12
Let c(r) be the second derivative of 0 - 3*r + 9/20*r**5 + 1/6*r**4 - 1/6*r**3 - 1/2*r**2. Calculate the remainder when c(1) is divided by 5.
4
Let o = 0 - -18. Suppose 0 = -7*r + 8*r - 68. What is the remainder when r is divided by o?
14
Let j(z) = -z**3 + 10*z**2 + z + 11. What is the remainder when (22/(-44))/(1/(-82)) is divided by j(10)?
20
Let y(d) = d**3 - 42*d**2 + 53*d - 19. What is the remainder when y(41) is divided by 25?
23
Let g(a) = -2*a**3 + 54*a**2 + 6*a - 148. What is the remainder when 82 is divided by g(27)?
12
Suppose 9 = 5*s - 1. Suppose -30 = -4*u - i, 0 = 2*u + s*i - 0 - 12. What is the remainder when 21 is divided by u?
5
Let u be ((-81)/36)/((-6)/16). Suppose 3*r - u = 2*r. What is the remainder when 1/(-2) - (-62)/4 is divided by r?
3
Let m(g) = -g**3 - 14*g**2 + 10. Let y be m(-14). Suppose -26 = -h - h. What is the remainder when 114/(-190) + (256/y)/1 is divided by h?
12
Let q(i) = -i**3 - 4*i**2 + 77*i + 13. Calculate the remainder when 166 is divided by q(-11).
10
Suppose -3*q - 3 = -3*v, -4*v = 3*q + 5 + 5. Let w(y) = 56*y**2 + 2*y - 1. Calculate the remainder when w(q) is divided by 37.
34
Let o be -4*(5/2)/(-1). Suppose -335 = -314*p + 5631. Calculate the remainder when p is divided by (-27)/(-5) - 4/o.
4
Suppose 5*o - 3*k = 487, 2*o + 3*k + 61 = 239. Suppose 0 = 4*q - 439 + o. Calculate the remainder when q is divided by 29.
28
Let y(r) = -3*r. Let h be (-32)/14 - (-6)/21. What is the remainder when h/4*(-17 + 5) is divided by y(-1)?
0
Let d(h) be the third derivative of h**5/60 - 5*h**4/24 + h**3/2 - 2*h**2. What is the remainder when 97/2 - 6/(-12) is divided by d(7)?
15
Let f = 451 - 403. Calculate the remainder when f is divided by 43.
5
Let a = 857 + -810. What is the remainder when a is divided by ((-3)/6)/(1/(-32))?
15
Suppose 0*g = -2*g + 56. Calculate the remainder when g is divided by (110/(-11))/(2/(-3)).
13
Suppose -3*r + 545 = 101. Calculate the remainder when r is divided by 10.
8
Let y = 103 - 51. Let a = 97 + -58. Suppose 2*k + a = 75. Calculate the remainder when y is divided by k.
16
Suppose 3*l - 5*i = 162, 2*l = 5*l + 5*i - 192. Suppose 8*h + 15 = 9*h. Calculate the remainder when l is divided by h.
14
Let f(h) be the third derivative of h**5/60 + 7*h**4/24 - 7*h**3/3 + 23*h**2. Suppose 24 + 21 = 5*o. Calculate the remainder when o is divided by f(-9).
1
Let c(r) = -r**2 + 13*r - 25. What is the remainder when 62 is divided by c(10)?
2
Let b = -647 + 865. What is the remainder when b is divided by 48?
26
What is the remainder when 21 is divided by (7 - 198/6)*1/(-2)?
8
Let t(p) = p + 17. Let v be t(-15). Let d be -3*v/(-12)*8. Suppose -2*i = h - i - 11, 5*h - 56 = -d*i. Calculate the remainder when 59 is divided by h.
11
Suppose 5*r - 3*r = 4. Suppose -1 + 9 = r*x. Suppose -u + x = -10. Calculate the remainder when 24 is divided by u.
10
Let i(m) = m**2 + 8*m + 1. Let s be i(-7). Let x = 10 + s. Suppose x*c - 38 = 2. Calculate the remainder when 28 is divided by c.
8
Let o = 62 + -42. What is the remainder when 69 is divided by ((504/(-20))/(-7))/(3/o)?
21
Let n = -301 + 325. What is the remainder when 67 is divided by n?
19
Suppose 5*o = 4*x - 221, 0 = 5*x - 2*x + 2*o - 137. Let s = -42 + x. What is the remainder when 24 is divided by s?
3
Let u be ((20/8)/5)/((-3)/(-24)). Suppose 171 = a + 4*a + 4*g, -4*a - u*g = -136. Calculate the remainder when 172 is divided by a.
32
Let m = 1008 + -799. What is the remainder when m is divided by 68?
5
Let n(u) = u - 3. Let d be n(7). Suppose -3*t + 2*t - f = 0, -5*t + d*f = -18. Suppose 6*a = t*a + 20. What is the remainder when 12 is divided by a?
2
Let f(j) = 29*j - 7. Let a(w) = -5*w + 1. Let t(u) = -34*a(u) - 6*f(u). Let g = -46 + 128. Calculate the remainder when g is divided by t(-5).
26
Suppose -3*v + 18 = -3*n -